{"id":1077,"date":"2022-01-04T19:41:39","date_gmt":"2022-01-04T19:41:39","guid":{"rendered":"https:\/\/icca-coaching.org\/ConsejoICCA\/?page_id=1077"},"modified":"2022-01-04T19:44:25","modified_gmt":"2022-01-04T19:44:25","slug":"plan-estudio-estandares","status":"publish","type":"page","link":"https:\/\/icca-coaching.org\/ConsejoICCA\/plan-estudio-estandares\/","title":{"rendered":"Plan estudio- estandares"},"content":{"rendered":"\t\t<div data-elementor-type=\"wp-page\" data-elementor-id=\"1077\" class=\"elementor elementor-1077\">\n\t\t\t\t\t\t\t\t\t<section class=\"elementor-section elementor-top-section elementor-element elementor-element-6fdc7e7 elementor-section-boxed elementor-section-height-default elementor-section-height-default\" data-id=\"6fdc7e7\" data-element_type=\"section\">\n\t\t\t\t\t\t<div class=\"elementor-container elementor-column-gap-default\">\n\t\t\t\t\t<div class=\"elementor-column elementor-col-100 elementor-top-column elementor-element elementor-element-bbc1a00\" data-id=\"bbc1a00\" data-element_type=\"column\">\n\t\t\t<div class=\"elementor-widget-wrap elementor-element-populated\">\n\t\t\t\t\t\t\t\t<div class=\"elementor-element elementor-element-af6c8d7 elementor-widget elementor-widget-heading\" data-id=\"af6c8d7\" data-element_type=\"widget\" data-widget_type=\"heading.default\">\n\t\t\t\t<div class=\"elementor-widget-container\">\n\t\t\t<style>\/*! elementor - v3.6.4 - 13-04-2022 *\/\n.elementor-heading-title{padding:0;margin:0;line-height:1}.elementor-widget-heading .elementor-heading-title[class*=elementor-size-]>a{color:inherit;font-size:inherit;line-height:inherit}.elementor-widget-heading .elementor-heading-title.elementor-size-small{font-size:15px}.elementor-widget-heading .elementor-heading-title.elementor-size-medium{font-size:19px}.elementor-widget-heading .elementor-heading-title.elementor-size-large{font-size:29px}.elementor-widget-heading .elementor-heading-title.elementor-size-xl{font-size:39px}.elementor-widget-heading .elementor-heading-title.elementor-size-xxl{font-size:59px}<\/style><h2 class=\"elementor-heading-title elementor-size-default\">Est\u00e1ndares del Plan de Estudios<\/h2>\t\t<\/div>\n\t\t\t\t<\/div>\n\t\t\t\t\t<\/div>\n\t\t<\/div>\n\t\t\t\t\t\t\t<\/div>\n\t\t<\/section>\n\t\t\t\t<section class=\"elementor-section elementor-top-section elementor-element elementor-element-11de790 elementor-section-boxed elementor-section-height-default elementor-section-height-default\" data-id=\"11de790\" data-element_type=\"section\">\n\t\t\t\t\t\t\t<div class=\"elementor-background-overlay\"><\/div>\n\t\t\t\t\t\t\t<div class=\"elementor-container elementor-column-gap-default\">\n\t\t\t\t\t<div class=\"elementor-column elementor-col-100 elementor-top-column elementor-element elementor-element-528c69ef\" data-id=\"528c69ef\" data-element_type=\"column\">\n\t\t\t<div class=\"elementor-widget-wrap elementor-element-populated\">\n\t\t\t\t\t\t\t\t<div class=\"elementor-element elementor-element-4a2eb0ae elementor-widget elementor-widget-text-editor\" data-id=\"4a2eb0ae\" data-element_type=\"widget\" data-widget_type=\"text-editor.default\">\n\t\t\t\t<div class=\"elementor-widget-container\">\n\t\t\t<style>\/*! elementor - v3.6.4 - 13-04-2022 *\/\n.elementor-widget-text-editor.elementor-drop-cap-view-stacked .elementor-drop-cap{background-color:#818a91;color:#fff}.elementor-widget-text-editor.elementor-drop-cap-view-framed .elementor-drop-cap{color:#818a91;border:3px solid;background-color:transparent}.elementor-widget-text-editor:not(.elementor-drop-cap-view-default) .elementor-drop-cap{margin-top:8px}.elementor-widget-text-editor:not(.elementor-drop-cap-view-default) .elementor-drop-cap-letter{width:1em;height:1em}.elementor-widget-text-editor .elementor-drop-cap{float:left;text-align:center;line-height:1;font-size:50px}.elementor-widget-text-editor .elementor-drop-cap-letter{display:inline-block}<\/style>\t\t\t\t<ul><li>El interesado destacar\u00e1 que lo ACREDITADO es el Plan de Estudios en Coaching, NO el alumno(a).<\/li><li>Las credenciales y certificados emitidos por el\u00a0<strong>Consejo I.C.C.A.<\/strong>\u00a0son propiedad del mismo y deber\u00e1n ser devueltos cuando as\u00ed se solicite por incumplimientos y violaci\u00f3n del C\u00f3digo de \u00c9tica.<\/li><li>El interesado tiene la obligaci\u00f3n de informar a sus alumnos de los requisitos para ser Coach Certificado I.C.C.A.<\/li><li>El interesado est\u00e1 obligado a no utilizar la Acreditaci\u00f3n de modo que desprestigie a Consejo I.C.C.A. haciendo uso de forma enga\u00f1osa o no autorizada.<\/li><li>La acreditaci\u00f3n de Plan de Estudios en Coaching no es transferible a nuevas sucursales, extensiones y\/o filiales.<\/li><li>El Consejo I.C.C.A. se reserva el derecho de modificar los requisitos de acreditaci\u00f3n y\/o revisi\u00f3n para garantizar requisitos m\u00ednimos de calidad, en caso de sufrir variaciones estas se notificar\u00e1n a los interesados<\/li><li><strong>Ning\u00fan tercero<\/strong>\u00a0tiene potestad para Acreditar o Certificar en nombre del\u00a0<strong>Consejo I.C.C.A.<\/strong><\/li><li>La Re-acreditaci\u00f3n de Programas de Formaci\u00f3n se debe realizar cada cuatro (4) a\u00f1os aplica pago de derechos.<\/li><li><strong>CLAUSULA DE CONFIDENCIALIDAD:<\/strong>\u00a0Toda la informaci\u00f3n proporcionada personal o institucional ser\u00e1 para uso exclusivo del Proceso de Acreditaci\u00f3n o para fines estad\u00edsticos exclusivamente por el Consejo I.C.C.A. por lo tanto esta informaci\u00f3n en ning\u00fan caso ser\u00e1 compartida con terceros sin previa autorizaci\u00f3n por escrito.<\/li><\/ul>\t\t\t\t\t\t<\/div>\n\t\t\t\t<\/div>\n\t\t\t\t\t<\/div>\n\t\t<\/div>\n\t\t\t\t\t\t\t<\/div>\n\t\t<\/section>\n\t\t\t\t\t\t\t<\/div>\n\t\t","protected":false},"excerpt":{"rendered":"<p>Est\u00e1ndares del Plan de Estudios El interesado destacar\u00e1 que lo ACREDITADO es el Plan de Estudios en Coaching, NO el alumno(a). Las credenciales y certificados emitidos por el\u00a0Consejo I.C.C.A.\u00a0son propiedad del mismo y deber\u00e1n ser devueltos cuando as\u00ed se solicite por incumplimientos y violaci\u00f3n del C\u00f3digo de \u00c9tica. El interesado tiene la obligaci\u00f3n de informar &hellip;<\/p>\n<p class=\"read-more\"> <a class=\"\" href=\"https:\/\/icca-coaching.org\/ConsejoICCA\/plan-estudio-estandares\/\"> <span class=\"screen-reader-text\">Plan estudio- estandares<\/span> Leer m\u00e1s &raquo;<\/a><\/p>\n","protected":false},"author":1,"featured_media":0,"parent":0,"menu_order":0,"comment_status":"closed","ping_status":"closed","template":"","meta":{"site-sidebar-layout":"no-sidebar","site-content-layout":"page-builder","ast-global-header-display":"","ast-banner-title-visibility":"","ast-main-header-display":"","ast-hfb-above-header-display":"","ast-hfb-below-header-display":"","ast-hfb-mobile-header-display":"","site-post-title":"disabled","ast-breadcrumbs-content":"","ast-featured-img":"disabled","footer-sml-layout":"","theme-transparent-header-meta":"","adv-header-id-meta":"","stick-header-meta":"","header-above-stick-meta":"","header-main-stick-meta":"","header-below-stick-meta":"","footnotes":""},"class_list":["post-1077","page","type-page","status-publish","hentry"],"_links":{"self":[{"href":"https:\/\/icca-coaching.org\/ConsejoICCA\/wp-json\/wp\/v2\/pages\/1077","targetHints":{"allow":["GET"]}}],"collection":[{"href":"https:\/\/icca-coaching.org\/ConsejoICCA\/wp-json\/wp\/v2\/pages"}],"about":[{"href":"https:\/\/icca-coaching.org\/ConsejoICCA\/wp-json\/wp\/v2\/types\/page"}],"author":[{"embeddable":true,"href":"https:\/\/icca-coaching.org\/ConsejoICCA\/wp-json\/wp\/v2\/users\/1"}],"replies":[{"embeddable":true,"href":"https:\/\/icca-coaching.org\/ConsejoICCA\/wp-json\/wp\/v2\/comments?post=1077"}],"version-history":[{"count":7,"href":"https:\/\/icca-coaching.org\/ConsejoICCA\/wp-json\/wp\/v2\/pages\/1077\/revisions"}],"predecessor-version":[{"id":1085,"href":"https:\/\/icca-coaching.org\/ConsejoICCA\/wp-json\/wp\/v2\/pages\/1077\/revisions\/1085"}],"wp:attachment":[{"href":"https:\/\/icca-coaching.org\/ConsejoICCA\/wp-json\/wp\/v2\/media?parent=1077"}],"curies":[{"name":"wp","href":"https:\/\/api.w.org\/{rel}","templated":true}]}}