{"id":1308,"date":"2022-01-05T19:27:59","date_gmt":"2022-01-05T19:27:59","guid":{"rendered":"https:\/\/icca-coaching.org\/ConsejoICCA\/?page_id=1308"},"modified":"2022-01-05T19:31:56","modified_gmt":"2022-01-05T19:31:56","slug":"talleres-estandares","status":"publish","type":"page","link":"https:\/\/icca-coaching.org\/ConsejoICCA\/talleres-estandares\/","title":{"rendered":"talleres-estandares"},"content":{"rendered":"\t\t<div data-elementor-type=\"wp-page\" data-elementor-id=\"1308\" class=\"elementor elementor-1308\">\n\t\t\t\t\t\t\t\t\t<section class=\"elementor-section elementor-top-section elementor-element elementor-element-283230c elementor-section-boxed elementor-section-height-default elementor-section-height-default\" data-id=\"283230c\" data-element_type=\"section\">\n\t\t\t\t\t\t<div class=\"elementor-container elementor-column-gap-default\">\n\t\t\t\t\t<div class=\"elementor-column elementor-col-100 elementor-top-column elementor-element elementor-element-396ba36\" data-id=\"396ba36\" data-element_type=\"column\">\n\t\t\t<div class=\"elementor-widget-wrap elementor-element-populated\">\n\t\t\t\t\t\t\t\t<div class=\"elementor-element elementor-element-9655055 elementor-widget elementor-widget-heading\" data-id=\"9655055\" data-element_type=\"widget\" data-widget_type=\"heading.default\">\n\t\t\t\t<div class=\"elementor-widget-container\">\n\t\t\t<style>\/*! elementor - v3.6.4 - 13-04-2022 *\/\n.elementor-heading-title{padding:0;margin:0;line-height:1}.elementor-widget-heading .elementor-heading-title[class*=elementor-size-]>a{color:inherit;font-size:inherit;line-height:inherit}.elementor-widget-heading .elementor-heading-title.elementor-size-small{font-size:15px}.elementor-widget-heading .elementor-heading-title.elementor-size-medium{font-size:19px}.elementor-widget-heading .elementor-heading-title.elementor-size-large{font-size:29px}.elementor-widget-heading .elementor-heading-title.elementor-size-xl{font-size:39px}.elementor-widget-heading .elementor-heading-title.elementor-size-xxl{font-size:59px}<\/style><h2 class=\"elementor-heading-title elementor-size-default\">Est\u00e1ndares de reconocimiento para talleres (entrenamientos cortos)<\/h2>\t\t<\/div>\n\t\t\t\t<\/div>\n\t\t\t\t\t<\/div>\n\t\t<\/div>\n\t\t\t\t\t\t\t<\/div>\n\t\t<\/section>\n\t\t\t\t<section class=\"elementor-section elementor-top-section elementor-element elementor-element-6ae6d796 elementor-section-boxed elementor-section-height-default elementor-section-height-default\" data-id=\"6ae6d796\" data-element_type=\"section\">\n\t\t\t\t\t\t\t<div class=\"elementor-background-overlay\"><\/div>\n\t\t\t\t\t\t\t<div class=\"elementor-container elementor-column-gap-default\">\n\t\t\t\t\t<div class=\"elementor-column elementor-col-100 elementor-top-column elementor-element elementor-element-21a4ebf5\" data-id=\"21a4ebf5\" data-element_type=\"column\">\n\t\t\t<div class=\"elementor-widget-wrap elementor-element-populated\">\n\t\t\t\t\t\t\t\t<div class=\"elementor-element elementor-element-251ec87a elementor-widget elementor-widget-text-editor\" data-id=\"251ec87a\" data-element_type=\"widget\" data-widget_type=\"text-editor.default\">\n\t\t\t\t<div class=\"elementor-widget-container\">\n\t\t\t<style>\/*! elementor - v3.6.4 - 13-04-2022 *\/\n.elementor-widget-text-editor.elementor-drop-cap-view-stacked .elementor-drop-cap{background-color:#818a91;color:#fff}.elementor-widget-text-editor.elementor-drop-cap-view-framed .elementor-drop-cap{color:#818a91;border:3px solid;background-color:transparent}.elementor-widget-text-editor:not(.elementor-drop-cap-view-default) .elementor-drop-cap{margin-top:8px}.elementor-widget-text-editor:not(.elementor-drop-cap-view-default) .elementor-drop-cap-letter{width:1em;height:1em}.elementor-widget-text-editor .elementor-drop-cap{float:left;text-align:center;line-height:1;font-size:50px}.elementor-widget-text-editor .elementor-drop-cap-letter{display:inline-block}<\/style>\t\t\t\t<ul><li>Aceptamos que ser un Coach Certificado o Centro afiliado a ICCA\u00a0\u00a0 representa\u00a0 derechos y obligaciones que corresponden.<\/li><li>La decisi\u00f3n de Reconocimiento tomada por el Consejo I.C.C.A.\u00a0 se basa en la Informaci\u00f3n reunida durante el proceso de reconocimiento por lo que cualquier informaci\u00f3n proporcionado no veraz o comprobable puede ser motivo de retiro de dicho nombramiento.<\/li><li>El consejo I.C.C.A. es el \u00fanico propietario del Nombramiento y credenciales otorgados por lo que en caso de considerar una falta grave, incumplimiento\u00a0 o violaci\u00f3n\u00a0 al C\u00f3digo de \u00c9tica se puede solicitar la devoluci\u00f3n de este y en su momento informar a la Comunidad I.C.C.A. la decisi\u00f3n tomada y las causas de esta.<\/li><li>Nos comprometemos a participar activamente en las actividades y convocatorias oficiales en base a los objetivos y misi\u00f3n del Consejo\u00a0 I.C.C.A.<\/li><li>Tenemos derecho a renovar nuestro Reconocimiento por otro periodo de dos a\u00f1os, participando activamente en\u00a0 convocatorias de capacitaci\u00f3n y actualizaci\u00f3n en materia de Coaching, tal como son nuevas regulaciones, nuevas tendencias internacionales y nuevos reconocimientos por parte de las autoridades federales.<\/li><li>Para obtener la actualizaci\u00f3n del reconocimiento estoy consciente que debo ser miembro activo de Consejo I.C.C.A.<\/li><li>El interesado est\u00e1 obligado a no utilizar el Reconocimiento de modo que desprestigie a Consejo I.C.C.A.\u00a0 haciendo\u00a0 uso de forma enga\u00f1osa o no autorizada.<\/li><li>El ostentar un Reconocimiento no da la potestad de poder emitir alg\u00fan reconocimiento o ser un tercero Acreditador en Nombre de Consejo I.C.C.A.<\/li><li>Consejo ICCA se reserva el derecho de\u00a0 reconocimiento a los Talleres EC que no cumplan con los criterios m\u00ednimos requeridos.<\/li><li>La vigencia de su Reconocimiento ser\u00e1 de 2 a\u00f1os\u00a0 a partir de la fecha de aceptaci\u00f3n y el cumplimiento total de los requerimientos establecidos por Consejo ICCA.<\/li><li>Las cuotas establecidas\u00a0 y pagadas no tienen car\u00e1cter reembolsable.<\/li><li>Reconocemos que no estamos autorizados a hacer uso del\u00a0 nombre, logotipo y sello, sin previa autorizaci\u00f3n escrita por parte del Consejo ICCA,\u00a0 el uso se limita solo y exclusivamente para ostentar su calidad de afiliado ante la sociedad y durante la vigencia de esta.<\/li><li>El nombre, logotipo y sello est\u00e1n registrados y protegidos por las legislaciones jur\u00eddicas nacionales e internacionales aplicables y son propiedad de Pro-innovaci\u00f3n Soluciones S.C. representante oficial para M\u00e9xico y Am\u00e9rica Latina.<\/li><li style=\"text-align: left;\">CLAUSULA DE CONFIDENCIALIDAD: Toda la informaci\u00f3n proporcionada personal o institucional ser\u00e1 para uso exclusivo del Proceso de Reconocimiento o para fines estad\u00edsticos, de contacto y para la difusi\u00f3n de la Cultura de Consejo ICCA exclusivamente, por lo tanto esta informaci\u00f3n en ning\u00fan caso ser\u00e1 compartida con terceros sin previa autorizaci\u00f3n por escrito del interesado.<\/li><\/ul>\t\t\t\t\t\t<\/div>\n\t\t\t\t<\/div>\n\t\t\t\t\t<\/div>\n\t\t<\/div>\n\t\t\t\t\t\t\t<\/div>\n\t\t<\/section>\n\t\t\t\t\t\t\t<\/div>\n\t\t","protected":false},"excerpt":{"rendered":"<p>Est\u00e1ndares de reconocimiento para talleres (entrenamientos cortos) Aceptamos que ser un Coach Certificado o Centro afiliado a ICCA\u00a0\u00a0 representa\u00a0 derechos y obligaciones que corresponden. La decisi\u00f3n de Reconocimiento tomada por el Consejo I.C.C.A.\u00a0 se basa en la Informaci\u00f3n reunida durante el proceso de reconocimiento por lo que cualquier informaci\u00f3n proporcionado no veraz o comprobable puede &hellip;<\/p>\n<p class=\"read-more\"> <a class=\"\" href=\"https:\/\/icca-coaching.org\/ConsejoICCA\/talleres-estandares\/\"> <span class=\"screen-reader-text\">talleres-estandares<\/span> Leer m\u00e1s &raquo;<\/a><\/p>\n","protected":false},"author":1,"featured_media":0,"parent":0,"menu_order":0,"comment_status":"closed","ping_status":"closed","template":"","meta":{"site-sidebar-layout":"no-sidebar","site-content-layout":"page-builder","ast-global-header-display":"","ast-banner-title-visibility":"","ast-main-header-display":"","ast-hfb-above-header-display":"","ast-hfb-below-header-display":"","ast-hfb-mobile-header-display":"","site-post-title":"disabled","ast-breadcrumbs-content":"","ast-featured-img":"disabled","footer-sml-layout":"","theme-transparent-header-meta":"","adv-header-id-meta":"","stick-header-meta":"","header-above-stick-meta":"","header-main-stick-meta":"","header-below-stick-meta":"","footnotes":""},"class_list":["post-1308","page","type-page","status-publish","hentry"],"_links":{"self":[{"href":"https:\/\/icca-coaching.org\/ConsejoICCA\/wp-json\/wp\/v2\/pages\/1308","targetHints":{"allow":["GET"]}}],"collection":[{"href":"https:\/\/icca-coaching.org\/ConsejoICCA\/wp-json\/wp\/v2\/pages"}],"about":[{"href":"https:\/\/icca-coaching.org\/ConsejoICCA\/wp-json\/wp\/v2\/types\/page"}],"author":[{"embeddable":true,"href":"https:\/\/icca-coaching.org\/ConsejoICCA\/wp-json\/wp\/v2\/users\/1"}],"replies":[{"embeddable":true,"href":"https:\/\/icca-coaching.org\/ConsejoICCA\/wp-json\/wp\/v2\/comments?post=1308"}],"version-history":[{"count":10,"href":"https:\/\/icca-coaching.org\/ConsejoICCA\/wp-json\/wp\/v2\/pages\/1308\/revisions"}],"predecessor-version":[{"id":1319,"href":"https:\/\/icca-coaching.org\/ConsejoICCA\/wp-json\/wp\/v2\/pages\/1308\/revisions\/1319"}],"wp:attachment":[{"href":"https:\/\/icca-coaching.org\/ConsejoICCA\/wp-json\/wp\/v2\/media?parent=1308"}],"curies":[{"name":"wp","href":"https:\/\/api.w.org\/{rel}","templated":true}]}}