{"id":515,"date":"2021-12-29T21:30:12","date_gmt":"2021-12-29T21:30:12","guid":{"rendered":"https:\/\/icca-coaching.org\/ConsejoICCA\/?page_id=515"},"modified":"2021-12-30T00:56:20","modified_gmt":"2021-12-30T00:56:20","slug":"procedimiento","status":"publish","type":"page","link":"https:\/\/icca-coaching.org\/ConsejoICCA\/procedimiento\/","title":{"rendered":"Procedimiento"},"content":{"rendered":"\t\t<div data-elementor-type=\"wp-page\" data-elementor-id=\"515\" class=\"elementor elementor-515\">\n\t\t\t\t\t\t\t\t\t<section class=\"elementor-section elementor-top-section elementor-element elementor-element-a01836a elementor-section-boxed elementor-section-height-default elementor-section-height-default\" data-id=\"a01836a\" data-element_type=\"section\">\n\t\t\t\t\t\t<div class=\"elementor-container elementor-column-gap-default\">\n\t\t\t\t\t<div class=\"elementor-column elementor-col-100 elementor-top-column elementor-element elementor-element-1dc18ff\" data-id=\"1dc18ff\" data-element_type=\"column\">\n\t\t\t<div class=\"elementor-widget-wrap elementor-element-populated\">\n\t\t\t\t\t\t\t\t<div class=\"elementor-element elementor-element-20879ac elementor-widget elementor-widget-heading\" data-id=\"20879ac\" data-element_type=\"widget\" data-widget_type=\"heading.default\">\n\t\t\t\t<div class=\"elementor-widget-container\">\n\t\t\t<style>\/*! elementor - v3.6.4 - 13-04-2022 *\/\n.elementor-heading-title{padding:0;margin:0;line-height:1}.elementor-widget-heading .elementor-heading-title[class*=elementor-size-]>a{color:inherit;font-size:inherit;line-height:inherit}.elementor-widget-heading .elementor-heading-title.elementor-size-small{font-size:15px}.elementor-widget-heading .elementor-heading-title.elementor-size-medium{font-size:19px}.elementor-widget-heading .elementor-heading-title.elementor-size-large{font-size:29px}.elementor-widget-heading .elementor-heading-title.elementor-size-xl{font-size:39px}.elementor-widget-heading .elementor-heading-title.elementor-size-xxl{font-size:59px}<\/style><h2 class=\"elementor-heading-title elementor-size-default\">Procedimiento para la Membres\u00eda personal I.C.C.A.<\/h2>\t\t<\/div>\n\t\t\t\t<\/div>\n\t\t\t\t\t<\/div>\n\t\t<\/div>\n\t\t\t\t\t\t\t<\/div>\n\t\t<\/section>\n\t\t\t\t<section class=\"elementor-section elementor-top-section elementor-element elementor-element-0347eaf elementor-section-boxed elementor-section-height-default elementor-section-height-default\" data-id=\"0347eaf\" data-element_type=\"section\">\n\t\t\t\t\t\t\t<div class=\"elementor-background-overlay\"><\/div>\n\t\t\t\t\t\t\t<div class=\"elementor-container elementor-column-gap-default\">\n\t\t\t\t\t<div class=\"elementor-column elementor-col-100 elementor-top-column elementor-element elementor-element-01fa504\" data-id=\"01fa504\" data-element_type=\"column\">\n\t\t\t<div class=\"elementor-widget-wrap elementor-element-populated\">\n\t\t\t\t\t\t\t\t<div class=\"elementor-element elementor-element-e85fc7c elementor-widget elementor-widget-text-editor\" data-id=\"e85fc7c\" data-element_type=\"widget\" data-widget_type=\"text-editor.default\">\n\t\t\t\t<div class=\"elementor-widget-container\">\n\t\t\t<style>\/*! elementor - v3.6.4 - 13-04-2022 *\/\n.elementor-widget-text-editor.elementor-drop-cap-view-stacked .elementor-drop-cap{background-color:#818a91;color:#fff}.elementor-widget-text-editor.elementor-drop-cap-view-framed .elementor-drop-cap{color:#818a91;border:3px solid;background-color:transparent}.elementor-widget-text-editor:not(.elementor-drop-cap-view-default) .elementor-drop-cap{margin-top:8px}.elementor-widget-text-editor:not(.elementor-drop-cap-view-default) .elementor-drop-cap-letter{width:1em;height:1em}.elementor-widget-text-editor .elementor-drop-cap{float:left;text-align:center;line-height:1;font-size:50px}.elementor-widget-text-editor .elementor-drop-cap-letter{display:inline-block}<\/style>\t\t\t\t<p>A continuaci\u00f3n se indica el procedimiento necesario para la Membres\u00eda Personal.<\/p><ol><li style=\"list-style-type: none;\"><ol><li style=\"list-style-type: none;\"><ol><li>Enviar un correo a\u00a0<a href=\"mailto:contacto@icca-coaching.org\">contacto@icca-coaching.org<\/a>\u00a0\u00a0manifestando su inter\u00e9s en obtener la membres\u00eda, posteriormente recibir\u00e1 informaci\u00f3n sobre la documentaci\u00f3n necesaria.<\/li><li>Para obtener su membres\u00eda es necesario que realice el pago por medio de Cuenta Bancaria o PAYPAL, se tendr\u00e1n 5 d\u00edas h\u00e1biles para realizar su pago y enviar al correo:\u00a0<a href=\"mailto:billing@icca-coaching.org\">billing@icca-coaching.org<\/a>,\u00a0junto con el recibo de pago escaneado.<\/li><li>Se enviara un acuse de Recibo validando el pago.<\/li><li>El interesado deber\u00e1 enviar los requisitos solicitados al correo\u00a0<a href=\"mailto:contacto@icca-coaching.org\">contacto@icca-coaching.org<\/a>\u00a0y en 5 d\u00edas h\u00e1biles se notificara su aceptaci\u00f3n.<\/li><li>El Interesado deber\u00e1\u00a0 cumplir, en todo momento, con los requisitos solicitados para la obtenci\u00f3n de la Membres\u00eda. Comprometi\u00e9ndose a respetar la normativa de revisiones, renovaciones y vigencia.<\/li><\/ol><\/li><\/ol><\/li><\/ol>\t\t\t\t\t\t<\/div>\n\t\t\t\t<\/div>\n\t\t\t\t\t<\/div>\n\t\t<\/div>\n\t\t\t\t\t\t\t<\/div>\n\t\t<\/section>\n\t\t\t\t\t\t\t<\/div>\n\t\t","protected":false},"excerpt":{"rendered":"<p>Procedimiento para la Membres\u00eda personal I.C.C.A. A continuaci\u00f3n se indica el procedimiento necesario para la Membres\u00eda Personal. Enviar un correo a\u00a0contacto@icca-coaching.org\u00a0\u00a0manifestando su inter\u00e9s en obtener la membres\u00eda, posteriormente recibir\u00e1 informaci\u00f3n sobre la documentaci\u00f3n necesaria. Para obtener su membres\u00eda es necesario que realice el pago por medio de Cuenta Bancaria o PAYPAL, se tendr\u00e1n 5 d\u00edas &hellip;<\/p>\n<p class=\"read-more\"> <a class=\"\" href=\"https:\/\/icca-coaching.org\/ConsejoICCA\/procedimiento\/\"> <span class=\"screen-reader-text\">Procedimiento<\/span> Leer m\u00e1s &raquo;<\/a><\/p>\n","protected":false},"author":1,"featured_media":0,"parent":0,"menu_order":0,"comment_status":"closed","ping_status":"closed","template":"","meta":{"site-sidebar-layout":"no-sidebar","site-content-layout":"page-builder","ast-global-header-display":"","ast-banner-title-visibility":"","ast-main-header-display":"","ast-hfb-above-header-display":"","ast-hfb-below-header-display":"","ast-hfb-mobile-header-display":"","site-post-title":"disabled","ast-breadcrumbs-content":"","ast-featured-img":"disabled","footer-sml-layout":"","theme-transparent-header-meta":"","adv-header-id-meta":"","stick-header-meta":"","header-above-stick-meta":"","header-main-stick-meta":"","header-below-stick-meta":"","footnotes":""},"class_list":["post-515","page","type-page","status-publish","hentry"],"_links":{"self":[{"href":"https:\/\/icca-coaching.org\/ConsejoICCA\/wp-json\/wp\/v2\/pages\/515","targetHints":{"allow":["GET"]}}],"collection":[{"href":"https:\/\/icca-coaching.org\/ConsejoICCA\/wp-json\/wp\/v2\/pages"}],"about":[{"href":"https:\/\/icca-coaching.org\/ConsejoICCA\/wp-json\/wp\/v2\/types\/page"}],"author":[{"embeddable":true,"href":"https:\/\/icca-coaching.org\/ConsejoICCA\/wp-json\/wp\/v2\/users\/1"}],"replies":[{"embeddable":true,"href":"https:\/\/icca-coaching.org\/ConsejoICCA\/wp-json\/wp\/v2\/comments?post=515"}],"version-history":[{"count":25,"href":"https:\/\/icca-coaching.org\/ConsejoICCA\/wp-json\/wp\/v2\/pages\/515\/revisions"}],"predecessor-version":[{"id":589,"href":"https:\/\/icca-coaching.org\/ConsejoICCA\/wp-json\/wp\/v2\/pages\/515\/revisions\/589"}],"wp:attachment":[{"href":"https:\/\/icca-coaching.org\/ConsejoICCA\/wp-json\/wp\/v2\/media?parent=515"}],"curies":[{"name":"wp","href":"https:\/\/api.w.org\/{rel}","templated":true}]}}